{"id":726,"date":"2023-06-07T07:24:57","date_gmt":"2023-06-07T07:24:57","guid":{"rendered":"https:\/\/poch.dms3labs.cat\/avis-legal\/"},"modified":"2023-06-14T14:20:19","modified_gmt":"2023-06-14T14:20:19","slug":"avis-legal","status":"publish","type":"page","link":"https:\/\/www.pochabogados.com\/ca\/avis-legal\/","title":{"rendered":"Av\u00eds legal"},"content":{"rendered":"<p>[et_pb_section fb_built=&#8221;1&#8243; theme_builder_area=&#8221;post_content&#8221; _builder_version=&#8221;4.21.0&#8243; _module_preset=&#8221;default&#8221;][et_pb_row _builder_version=&#8221;4.21.0&#8243; _module_preset=&#8221;default&#8221; theme_builder_area=&#8221;post_content&#8221;][et_pb_column _builder_version=&#8221;4.21.0&#8243; _module_preset=&#8221;default&#8221; type=&#8221;4_4&#8243; theme_builder_area=&#8221;post_content&#8221;][et_pb_text _builder_version=&#8221;4.21.0&#8243; _module_preset=&#8221;default&#8221; theme_builder_area=&#8221;post_content&#8221; hover_enabled=&#8221;0&#8243; sticky_enabled=&#8221;0&#8243;]<\/p>\n<h1>Av\u00eds legal<\/h1>\n<p>[\/et_pb_text][et_pb_text _builder_version=&#8221;4.21.0&#8243; _module_preset=&#8221;default&#8221; theme_builder_area=&#8221;post_content&#8221; hover_enabled=&#8221;0&#8243; sticky_enabled=&#8221;0&#8243;]<\/p>\n<p>El lloc web i el seu contingut s\u00f3n propietat de POCH &amp; ABOGADOS ASOCIADOS, S.L.P., amb CIF B62288899, domicili a 08700 Igualada, Avinguda Balmes 13, 1r, inscrita al Registre Mercantil de Barcelona al tom 32959, foli 81, full B223-128, inscripci\u00f3 1a.<\/p>\n<p>Per a l\u2019adequada gesti\u00f3 en el tractament de les seves dades personals, POCH &amp; ABOGADOS ASOCIADOS, S.L.P. posa a la seva disposici\u00f3 el seg\u00fcent correu electr\u00f2nic: <a href=\"mailto:info@pochabogados.com\">info@pochabogados.com<\/a>, a trav\u00e9s del qual podr\u00e0 dirigir-se per resoldre qualsevol gesti\u00f3 que precisi al respecte, o exercir els seus drets en els termes legalment previstos.<\/p>\n<h2>TERMES I CONDICIONS D\u2019\u00daS<\/h2>\n<p>L\u2019acc\u00e9s i utilitzaci\u00f3 d\u2019aquest lloc web atribueix al visitant la condici\u00f3 d\u2019usuari. Aix\u00f2 suposa que l\u2019usuari accepta les condicions d\u2019\u00fas vigents en cada moment i es compromet a fer un \u00fas adequat dels continguts del lloc web i a observar i complir rigorosament el que es disposi en aquest av\u00eds i en les normes d\u2019aplicaci\u00f3.<\/p>\n<p>POCH &amp; ABOGADOS ASOCIADOS, S.L.P., es reserva el dret a efectuar les modificacions que estimi convenients, afegint, canviant o eliminant continguts o serveis prestats a trav\u00e9s del lloc web; aix\u00ed com el de retirar qualsevol aportaci\u00f3 o comentari que contravingui les regles anteriorment descrites.<\/p>\n<p>L\u2019acc\u00e9s i \u00fas del lloc web de POCH &amp; ABOGADOS ASOCIADOS, S.L.P., t\u00e9 car\u00e0cter gratu\u00eft per a tots els usuaris. En cas que els productes i serveis oferts a trav\u00e9s del lloc web estiguessin sotmesos al pagament d\u2019algun preu, els usuaris seran pr\u00e8viament i degudament informats a trav\u00e9s del lloc web per a la seva acceptaci\u00f3 en els termes econ\u00f2mics que corresponguin en cada moment.<\/p>\n<h2>POL\u00cdTICA DE PRIVACITAT I PROTECCI\u00d3 DE DADES<\/h2>\n<p>Aquesta pol\u00edtica de privacitat s\u2019aplica al web de POCH &amp; ABOGADOS ASOCIADOS, S.L.P. (www.pochabogadosasociados.com), als serveis i productes oferts pel nostre despatx i en les condicions que es recullen a continuaci\u00f3. A trav\u00e9s d\u2019aquest lloc web no es recaven dades de car\u00e0cter personal dels usuaris sense el seu consentiment, ni se cedeixen a tercers.<\/p>\n<p>Aquesta pol\u00edtica de privacitat podr\u00e0 ser modificada en funci\u00f3 d\u2019exig\u00e8ncies legislatives o d\u2019autoregulaci\u00f3, per\u00f2 es comunicar\u00e0 a trav\u00e9s de la p\u00e0gina web o per altres mitjans perqu\u00e8 es conegui les modificacions i continuar utilitzant els nostres serveis.<\/p>\n<p>POCH &amp; ABOGADOS ASOCIADOS, S.L.P., ha adequat aquesta web a les exig\u00e8ncies introdu\u00efdes en el Reglament 2016\/679 del Parlament Europeu i del Consell de 27 d\u2019abril de 2016 relatiu a la protecci\u00f3 de les persones f\u00edsiques (RGPD), aix\u00ed com amb la Llei 34\/2002, d\u201911 de juliol, de Serveis de la Societat de la Informaci\u00f3 i Comer\u00e7 Electr\u00f2nic.<\/p>\n<p>POCH &amp; ABOGADOS ASOCIADOS S.L.P., en quant responsable del fitxer i del tractament de les dades de car\u00e0cter personal, est\u00e0 obligada a guardar secret professional respecte de tots ells, aix\u00ed com a guardar-lo.<\/p>\n<p>POCH &amp; ABOGADOS ASOCIADOS, S.L.P., garanteix en tot moment a l\u2019usuari l\u2019exercici dels seus drets d\u2019acc\u00e9s, rectificaci\u00f3, limitaci\u00f3, supressi\u00f3, cancel\u00b7laci\u00f3, portabilitat i oposici\u00f3 sobre les dades personals facilitades. Aix\u00ed mateix, es garanteix en tot moment l\u2019exercici dels seus drets a ser notificat pel responsable respecte a qualsevol rectificaci\u00f3, supressi\u00f3 o limitaci\u00f3 del tractament de les dades, llevat que sigui impossible o exigeixi un esfor\u00e7 desproporcionat, i t\u00e9 dret a no ser objecte d\u2019una decisi\u00f3 que produeixi efectes jur\u00eddics basada \u00fanicament en el tractament automatitzat, dirigint-se per escrit a POCH &amp; ABOGADOS ASOCIADOS S.L.P., Avinguda Balmes n\u00famero 13, 1r, de 08700 Igualada, o a trav\u00e9s de l\u2019adre\u00e7a de correu electr\u00f2nic <a href=\"mailto:info@pochabogados.com\">info@pochabogados.com<\/a>.<\/p>\n<h2>POL\u00cdTICA DE GALETES<\/h2>\n<p>POCH &amp; ABOGADOS ASOCIADOS S.L.P., pot utilitzar galetes quan un usuari navega pel lloc web.<\/p>\n<p>Les galetes s\u00f3n fitxers enviats al navegador per mitj\u00e0 d\u2019un servidor web per a la finalitat de registrar les activitats de l\u2019usuari durant el seu temps de navegaci\u00f3.<\/p>\n<p>Mitjan\u00e7ant l\u2019\u00fas de les galetes, tant del lloc web com de tercers relacionats amb aquest, \u00e9s possible con\u00e8ixer m\u00faltiples detalls de l\u2019activitat de l\u2019usuari; per exemple, el lloc des del qual accedeix, el temps de connexi\u00f3, el sistema operatiu emprat, les p\u00e0gines visitades i altres dades relatives al comportament de l\u2019usuari a internet (par\u00e0metres de tr\u00e0nsit, nombre d\u2019entrades, etc.)<\/p>\n<p>\u00c9s possible accedir al lloc web desactivant les galetes, per\u00f2 podria interferir en el correcte funcionament d\u2019aquell.<\/p>\n<p>Les galetes que empra el lloc web nom\u00e9s s\u2019associen amb usuaris an\u00f2nims i el seu ordinador, sense que puguin subministrar, per si mateixes, dades personals d\u2019aquells. Les galetes no recullen informaci\u00f3 personal que permeti la identificaci\u00f3 d\u2019un usuari concret.<\/p>\n<h2>POL\u00cdTICA D\u2019ENLLA\u00c7OS<\/h2>\n<p>El lloc web pot contenir enlla\u00e7os a altres llocs web amb pol\u00edtiques de privacitat diferents a les d\u2019aquest. POCH &amp; ABOGADOS ASOCIADOS, S.L.P., no es fa responsable del contingut o pr\u00e0ctiques dels llocs enlla\u00e7ats i es recomana a l\u2019usuari la lectura detallada de la pol\u00edtica de privacitat de qualsevol lloc web al qual accedeixi des d\u2019aquest.<\/p>\n<h2>PROPIETAT INTEL\u00b7LECTUAL I INDUSTRIAL<\/h2>\n<p>Aquest lloc web \u00e9s propietat de POCH &amp; ABOGADOS ASOCIADOS, S.L.P.<\/p>\n<p>La denominaci\u00f3, el disseny i els logotips que componen aquest lloc web s\u00f3n marques degudament registrades. El seu \u00fas indegut podr\u00e0 ser perseguit de conformitat amb la legislaci\u00f3 vigent.<\/p>\n<p>Queda prohibida la utilitzaci\u00f3, reproducci\u00f3, distribuci\u00f3, comunicaci\u00f3 p\u00fablica i transformaci\u00f3 dels continguts del lloc web de qualsevol manera per part de l\u2019usuari, excepte en els casos contemplats legalment o expressament autoritzats per POCH &amp; ABOGADOS ASOCIADOS, S.L.P.<\/p>\n<p>[\/et_pb_text][\/et_pb_column][\/et_pb_row][\/et_pb_section]<\/p>\n","protected":false},"excerpt":{"rendered":"<p>Av\u00eds legalEl lloc web i el seu contingut s\u00f3n propietat de POCH &amp; ABOGADOS ASOCIADOS, S.L.P., amb CIF B62288899, domicili a 08700 Igualada, Avinguda Balmes 13, 1r, inscrita al Registre Mercantil de Barcelona al tom 32959, foli 81, full B223-128, inscripci\u00f3 1a. Per a l\u2019adequada gesti\u00f3 en el tractament de les seves dades personals, POCH [&hellip;]<\/p>\n","protected":false},"author":1,"featured_media":0,"parent":0,"menu_order":0,"comment_status":"closed","ping_status":"closed","template":"","meta":{"_et_pb_use_builder":"on","_et_pb_old_content":"","_et_gb_content_width":"","footnotes":""},"dipi_cpt_category":[],"class_list":["post-726","page","type-page","status-publish","hentry"],"_links":{"self":[{"href":"https:\/\/www.pochabogados.com\/ca\/wp-json\/wp\/v2\/pages\/726","targetHints":{"allow":["GET"]}}],"collection":[{"href":"https:\/\/www.pochabogados.com\/ca\/wp-json\/wp\/v2\/pages"}],"about":[{"href":"https:\/\/www.pochabogados.com\/ca\/wp-json\/wp\/v2\/types\/page"}],"author":[{"embeddable":true,"href":"https:\/\/www.pochabogados.com\/ca\/wp-json\/wp\/v2\/users\/1"}],"replies":[{"embeddable":true,"href":"https:\/\/www.pochabogados.com\/ca\/wp-json\/wp\/v2\/comments?post=726"}],"version-history":[{"count":2,"href":"https:\/\/www.pochabogados.com\/ca\/wp-json\/wp\/v2\/pages\/726\/revisions"}],"predecessor-version":[{"id":728,"href":"https:\/\/www.pochabogados.com\/ca\/wp-json\/wp\/v2\/pages\/726\/revisions\/728"}],"wp:attachment":[{"href":"https:\/\/www.pochabogados.com\/ca\/wp-json\/wp\/v2\/media?parent=726"}],"wp:term":[{"taxonomy":"dipi_cpt_category","embeddable":true,"href":"https:\/\/www.pochabogados.com\/ca\/wp-json\/wp\/v2\/dipi_cpt_category?post=726"}],"curies":[{"name":"wp","href":"https:\/\/api.w.org\/{rel}","templated":true}]}}

Avís legal

<p>[et_pb_section fb_built=&#8221;1&#8243; theme_builder_area=&#8221;post_content&#8221; _builder_version=&#8221;4.21.0&#8243; _module_preset=&#8221;default&#8221;][et_pb_row _builder_version=&#8221;4.21.0&#8243; _module_preset=&#8221;default&#8221; theme_builder_area=&#8221;post_content&#8221;][et_pb_column _builder_version=&#8221;4.21.0&#8243; _module_preset=&#8221;default&#8221; type=&#8221;4_4&#8243; theme_builder_area=&#8221;post_content&#8221;][et_pb_text _builder_version=&#8221;4.21.0&#8243; _module_preset=&#8221;default&#8221; theme_builder_area=&#8221;post_content&#8221; hover_enabled=&#8221;0&#8243; sticky_enabled=&#8221;0&#8243;]</p>
<h1>Avís legal</h1>
<p>[/et_pb_text][et_pb_text _builder_version=&#8221;4.21.0&#8243; _module_preset=&#8221;default&#8221; theme_builder_area=&#8221;post_content&#8221; hover_enabled=&#8221;0&#8243; sticky_enabled=&#8221;0&#8243;]</p>
<p>El lloc web i el seu contingut són propietat de POCH &amp; ABOGADOS ASOCIADOS, S.L.P., amb CIF B62288899, domicili a 08700 Igualada, Avinguda Balmes 13, 1r, inscrita al Registre Mercantil de Barcelona al tom 32959, foli 81, full B223-128, inscripció 1a.</p>
<p>Per a l’adequada gestió en el tractament de les seves dades personals, POCH &amp; ABOGADOS ASOCIADOS, S.L.P. posa a la seva disposició el següent correu electrònic: <a href="mailto:info@pochabogados.com">info@pochabogados.com</a>, a través del qual podrà dirigir-se per resoldre qualsevol gestió que precisi al respecte, o exercir els seus drets en els termes legalment previstos.</p>
<h2>TERMES I CONDICIONS D’ÚS</h2>
<p>L’accés i utilització d’aquest lloc web atribueix al visitant la condició d’usuari. Això suposa que l’usuari accepta les condicions d’ús vigents en cada moment i es compromet a fer un ús adequat dels continguts del lloc web i a observar i complir rigorosament el que es disposi en aquest avís i en les normes d’aplicació.</p>
<p>POCH &amp; ABOGADOS ASOCIADOS, S.L.P., es reserva el dret a efectuar les modificacions que estimi convenients, afegint, canviant o eliminant continguts o serveis prestats a través del lloc web; així com el de retirar qualsevol aportació o comentari que contravingui les regles anteriorment descrites.</p>
<p>L’accés i ús del lloc web de POCH &amp; ABOGADOS ASOCIADOS, S.L.P., té caràcter gratuït per a tots els usuaris. En cas que els productes i serveis oferts a través del lloc web estiguessin sotmesos al pagament d’algun preu, els usuaris seran prèviament i degudament informats a través del lloc web per a la seva acceptació en els termes econòmics que corresponguin en cada moment.</p>
<h2>POLÍTICA DE PRIVACITAT I PROTECCIÓ DE DADES</h2>
<p>Aquesta política de privacitat s’aplica al web de POCH &amp; ABOGADOS ASOCIADOS, S.L.P. (www.pochabogadosasociados.com), als serveis i productes oferts pel nostre despatx i en les condicions que es recullen a continuació. A través d’aquest lloc web no es recaven dades de caràcter personal dels usuaris sense el seu consentiment, ni se cedeixen a tercers.</p>
<p>Aquesta política de privacitat podrà ser modificada en funció d’exigències legislatives o d’autoregulació, però es comunicarà a través de la pàgina web o per altres mitjans perquè es conegui les modificacions i continuar utilitzant els nostres serveis.</p>
<p>POCH &amp; ABOGADOS ASOCIADOS, S.L.P., ha adequat aquesta web a les exigències introduïdes en el Reglament 2016/679 del Parlament Europeu i del Consell de 27 d’abril de 2016 relatiu a la protecció de les persones físiques (RGPD), així com amb la Llei 34/2002, d’11 de juliol, de Serveis de la Societat de la Informació i Comerç Electrònic.</p>
<p>POCH &amp; ABOGADOS ASOCIADOS S.L.P., en quant responsable del fitxer i del tractament de les dades de caràcter personal, està obligada a guardar secret professional respecte de tots ells, així com a guardar-lo.</p>
<p>POCH &amp; ABOGADOS ASOCIADOS, S.L.P., garanteix en tot moment a l’usuari l’exercici dels seus drets d’accés, rectificació, limitació, supressió, cancel·lació, portabilitat i oposició sobre les dades personals facilitades. Així mateix, es garanteix en tot moment l’exercici dels seus drets a ser notificat pel responsable respecte a qualsevol rectificació, supressió o limitació del tractament de les dades, llevat que sigui impossible o exigeixi un esforç desproporcionat, i té dret a no ser objecte d’una decisió que produeixi efectes jurídics basada únicament en el tractament automatitzat, dirigint-se per escrit a POCH &amp; ABOGADOS ASOCIADOS S.L.P., Avinguda Balmes número 13, 1r, de 08700 Igualada, o a través de l’adreça de correu electrònic <a href="mailto:info@pochabogados.com">info@pochabogados.com</a>.</p>
<h2>POLÍTICA DE GALETES</h2>
<p>POCH &amp; ABOGADOS ASOCIADOS S.L.P., pot utilitzar galetes quan un usuari navega pel lloc web.</p>
<p>Les galetes són fitxers enviats al navegador per mitjà d’un servidor web per a la finalitat de registrar les activitats de l’usuari durant el seu temps de navegació.</p>
<p>Mitjançant l’ús de les galetes, tant del lloc web com de tercers relacionats amb aquest, és possible conèixer múltiples detalls de l’activitat de l’usuari; per exemple, el lloc des del qual accedeix, el temps de connexió, el sistema operatiu emprat, les pàgines visitades i altres dades relatives al comportament de l’usuari a internet (paràmetres de trànsit, nombre d’entrades, etc.)</p>
<p>És possible accedir al lloc web desactivant les galetes, però podria interferir en el correcte funcionament d’aquell.</p>
<p>Les galetes que empra el lloc web només s’associen amb usuaris anònims i el seu ordinador, sense que puguin subministrar, per si mateixes, dades personals d’aquells. Les galetes no recullen informació personal que permeti la identificació d’un usuari concret.</p>
<h2>POLÍTICA D’ENLLAÇOS</h2>
<p>El lloc web pot contenir enllaços a altres llocs web amb polítiques de privacitat diferents a les d’aquest. POCH &amp; ABOGADOS ASOCIADOS, S.L.P., no es fa responsable del contingut o pràctiques dels llocs enllaçats i es recomana a l’usuari la lectura detallada de la política de privacitat de qualsevol lloc web al qual accedeixi des d’aquest.</p>
<h2>PROPIETAT INTEL·LECTUAL I INDUSTRIAL</h2>
<p>Aquest lloc web és propietat de POCH &amp; ABOGADOS ASOCIADOS, S.L.P.</p>
<p>La denominació, el disseny i els logotips que componen aquest lloc web són marques degudament registrades. El seu ús indegut podrà ser perseguit de conformitat amb la legislació vigent.</p>
<p>Queda prohibida la utilització, reproducció, distribució, comunicació pública i transformació dels continguts del lloc web de qualsevol manera per part de l’usuari, excepte en els casos contemplats legalment o expressament autoritzats per POCH &amp; ABOGADOS ASOCIADOS, S.L.P.</p>
<p>[/et_pb_text][/et_pb_column][/et_pb_row][/et_pb_section]</p>

<p>Avís legalEl lloc web i el seu contingut són propietat de POCH &amp; ABOGADOS ASOCIADOS, S.L.P., amb CIF B62288899, domicili a 08700 Igualada, Avinguda Balmes 13, 1r, inscrita al Registre Mercantil de Barcelona al tom 32959, foli 81, full B223-128, inscripció 1a. Per a l’adequada gestió en el tractament de les seves dades personals, POCH [&hellip;]</p>
